{"id":5886,"date":"2015-09-06T12:07:51","date_gmt":"2015-09-06T03:07:51","guid":{"rendered":"https:\/\/micronix-jp.com\/english\/?post_type=product&#038;p=5886"},"modified":"2024-04-04T16:45:12","modified_gmt":"2024-04-04T07:45:12","slug":"electromagnetic-anechoic-box-shield-box-for-mmwave-5g-nr-type-my6520","status":"publish","type":"product","link":"https:\/\/micronix-jp.com\/english\/products\/shield-box\/ehf\/my6520.html","title":{"rendered":"Electromagnetic Anechoic Box \/Shield Box for mmWave 5G NR type MY6520"},"content":{"rendered":"<div class=\"wp-block-vk-blocks-button vk_button vk_button-color-custom vk_button-align-block\"><a href=\"\/eng\/file-download\/catalog\/MY6520_eng.pdf\" class=\"vk_button_link btn has-background has-vk-color-primary-background-color btn-lg btn-block\" role=\"button\" aria-pressed=\"true\" target=\"_blank\" rel=\"noopener\"><div class=\"vk_button_link_caption\"><i class=\"fas fa-file-pdf vk_button_link_before\" aria-hidden=\"true\"><\/i><span class=\"vk_button_link_txt\">Download catalog<\/span><\/div><\/a><\/div><div class=\"wp-block-vk-blocks-table-of-contents-new vk_tableOfContents vk_tableOfContents-style-default tabs\"><div class=\"tab\"><div class=\"vk_tableOfContents_title\">\u76ee\u6b21<\/div><input type=\"checkbox\" id=\"chck1\"\/><label class=\"tab-label vk_tableOfContents_openCloseBtn button_status button_status-close\" for=\"chck1\"><\/label><ul class=\"vk_tableOfContents_list tab_content-close\"><li class=\"vk_tableOfContents_list_item vk_tableOfContents_list_item-h-2\"><a href=\"#vk-htags-bc228ffc-44a2-462f-a505-15cba3757a30\" class=\"vk_tableOfContents_list_item_link\"><span class=\"vk_tableOfContents_list_item_link_preNumber\">1. <\/span>Specification<\/a><\/li><li class=\"vk_tableOfContents_list_item vk_tableOfContents_list_item-h-2\"><a href=\"#vk-htags-ad2ee41d-eed5-4e00-a6b4-20269784d463\" class=\"vk_tableOfContents_list_item_link\"><span class=\"vk_tableOfContents_list_item_link_preNumber\">2. <\/span>Features<\/a><\/li><li class=\"vk_tableOfContents_list_item vk_tableOfContents_list_item-h-3\"><a href=\"#vk-htags-54fbf08f-d5b7-4d48-bfe7-50444c9078fc\" class=\"vk_tableOfContents_list_item_link\"><span class=\"vk_tableOfContents_list_item_link_preNumber\">2.1. <\/span>Calibration example of the EIRP<\/a><\/li><li class=\"vk_tableOfContents_list_item vk_tableOfContents_list_item-h-4\"><a href=\"#vk-htags-ad897ea0-cf6a-4dcf-89cc-c7c9c911fcc2\" class=\"vk_tableOfContents_list_item_link\"><span class=\"vk_tableOfContents_list_item_link_preNumber\">2.1.1. <\/span>1. Antennas with known gains measure in the boresight direction.<\/a><\/li><li class=\"vk_tableOfContents_list_item vk_tableOfContents_list_item-h-4\"><a href=\"#vk-htags-ad897ea0-cf6a-4dcf-89cc-c7c9c911fcc2\" class=\"vk_tableOfContents_list_item_link\"><span class=\"vk_tableOfContents_list_item_link_preNumber\">2.1.2. <\/span>2. Find the degree of antenna coupling.<\/a><\/li><li class=\"vk_tableOfContents_list_item vk_tableOfContents_list_item-h-4\"><a href=\"#vk-htags-ad897ea0-cf6a-4dcf-89cc-c7c9c911fcc2\" class=\"vk_tableOfContents_list_item_link\"><span class=\"vk_tableOfContents_list_item_link_preNumber\">2.1.3. <\/span>3. Can be measured radiation electricity of measured device (EUT) in reception system same as calibration.<\/a><\/li><li class=\"vk_tableOfContents_list_item vk_tableOfContents_list_item-h-2\"><a href=\"#vk-htags-9f0a7958-8db7-4ff7-9875-e54f7cc60c6f\" class=\"vk_tableOfContents_list_item_link\"><span class=\"vk_tableOfContents_list_item_link_preNumber\">3. <\/span>Option<\/a><\/li><li class=\"vk_tableOfContents_list_item vk_tableOfContents_list_item-h-3\"><a href=\"#vk-htags-fd7a39f3-738b-409b-9bfc-e18ec2eda441\" class=\"vk_tableOfContents_list_item_link\"><span class=\"vk_tableOfContents_list_item_link_preNumber\">3.1. <\/span>Antenna<\/a><\/li><li class=\"vk_tableOfContents_list_item vk_tableOfContents_list_item-h-3\"><a href=\"#vk-htags-2276b20d-3418-44af-ba6c-234cab5c4e36\" class=\"vk_tableOfContents_list_item_link\"><span class=\"vk_tableOfContents_list_item_link_preNumber\">3.2. <\/span>Adapter<\/a><\/li><li class=\"vk_tableOfContents_list_item vk_tableOfContents_list_item-h-3\"><a href=\"#vk-htags-1eecc078-e9af-49c1-8595-85b6f42ce051\" class=\"vk_tableOfContents_list_item_link\"><span class=\"vk_tableOfContents_list_item_link_preNumber\">3.3. <\/span>Add RF Connectors(Factory option)<\/a><\/li><li class=\"vk_tableOfContents_list_item vk_tableOfContents_list_item-h-3\"><a href=\"#vk-htags-b74618a5-b5bd-481d-b4de-064f46a0dc59\" class=\"vk_tableOfContents_list_item_link\"><span class=\"vk_tableOfContents_list_item_link_preNumber\">3.4. <\/span>Coaxial Cable(Shield box to Antenna)<\/a><\/li><li class=\"vk_tableOfContents_list_item vk_tableOfContents_list_item-h-2\"><a href=\"#vk-htags-bc5ef769-367c-4923-b164-e6c8f346402f\" class=\"vk_tableOfContents_list_item_link\"><span class=\"vk_tableOfContents_list_item_link_preNumber\">4. <\/span>Library<\/a><\/li><li class=\"vk_tableOfContents_list_item vk_tableOfContents_list_item-h-3\"><a href=\"#vk-htags-0bf38e9a-f22f-4281-9df7-8c5b770341cd\" class=\"vk_tableOfContents_list_item_link\"><span class=\"vk_tableOfContents_list_item_link_preNumber\">4.1. <\/span>Products Catalog<\/a><\/li><\/ul><\/div><\/div><h2 class=\"wp-block-heading\" id=\"vk-htags-bc228ffc-44a2-462f-a505-15cba3757a30\">Specification<\/h2><figure class=\"wp-block-image aligncenter size-full vk_block-margin-md--margin-bottom\"><img loading=\"lazy\" decoding=\"async\" width=\"730\" height=\"365\" src=\"https:\/\/micronix-jp.com\/english\/wp-content\/uploads\/sites\/2\/2023\/03\/MY6520-00.png\" alt=\"\" class=\"wp-image-8565\" srcset=\"https:\/\/micronix-jp.com\/english\/wp-content\/uploads\/sites\/2\/2023\/03\/MY6520-00.png 730w, https:\/\/micronix-jp.com\/english\/wp-content\/uploads\/sites\/2\/2023\/03\/MY6520-00-300x150.png 300w, https:\/\/micronix-jp.com\/english\/wp-content\/uploads\/sites\/2\/2023\/03\/MY6520-00-600x300.png 600w\" sizes=\"auto, (max-width: 730px) 100vw, 730px\" \/><\/figure><figure class=\"wp-block-flexible-table-block-table\"><table class=\"has-fixed-layout\"><tbody><tr><th style=\"width:25%\">Outside Dimensions <\/th><td>approx. 743(W)\u00d7830(H)\u00d7721(D)mm *excluding projections <\/td><\/tr><tr><th style=\"width:25%\">Inside Dimensions<\/th><td>approx. 500(W)\u00d7500(H)\u00d7500(D)mm *excluding projections<\/td><\/tr><tr><th style=\"width:25%\">Shielding Characteristics<\/th><td>\n<p class=\"indent-6\">greater than or equal to 60dB@700MHz to 6GHz,<br>\n    20GHz to 30GHz \n<\/p>\n<\/td><\/tr><tr><th style=\"width:25%\">Radio wave absorber Reflection loss <br>\n(representative value) <\/th><td>Pyramid urethane type <br>\n25dB@3GHz <br>\n35dB@5GHz <br>\n40dB@10GHz <br>\n45dB@15GHz <br>\ngreater than or equal to 50dB@24GHz<\/td><\/tr><tr><th style=\"width:25%\">RF connector <br>\n(back)<\/th><td>\n<ul>\n<li>2.92mm(J-J) \u00d72pcs<\/li>\n<li>SMA(J-J) \u00d72pcs<\/li>\n<\/ul>\n<\/td><\/tr><tr><th style=\"width:25%\">Interface <br>\n(back) <\/th><td>\n<ul>\n<li>AC \u00d7 1pc(100V, single-phase two-wire system + ground wire.) <\/li>\n<li>DC \u00d7 2pcs(Johnson terminal  4poles) <\/li>\n<li>USB3.0 TypeA \u00d7 2pcs(Polarity ; Outside Device-In side Host\u00d71, Outside Host-In side Device\u00d71) <\/li>\n<li>LAN \u00d7 2pcs(Cat.6A, PoE non-compliant)<\/li>\n<\/ul>\n<\/td><\/tr><tr><th style=\"width:25%\">Weight<\/th><td>approx.  33kg(Main part)<\/td><\/tr><tr><th style=\"width:25%\">Main material<\/th><td>Aluminum<\/td><\/tr><tr><th style=\"width:25%\">Other<\/th><td>\n<ul>\n<li>Low reflection EUT stand@inside bottom <\/li>\n<li>Antenna fixing base@inside upper<\/li>\n<\/ul>\n<\/td><\/tr><tr><th style=\"width:25%\">Option<br>\n(factory default)<\/th><td>\n<ul>\n<li> Adding RF connectors (MY6500-K \/ MY6500-SMA) <br>\n2.92mm(K)connector or SMA connector can be expanded up to a total of four. <br>\nInterface(customize)<\/li>\n<li> Can be changed from USB3.0 to USB2.0(No polarity) <br>\nChange the polarity (Device \/ Host) of USB3.0 <br>\nCombination of USB and LAN can be changed(Eg;USB \u00d7 4, etc.)<\/li>\n<\/ul>\n<\/td><\/tr><tr><th style=\"width:25%\">Option<\/th><td>Various horn antennas<\/td><\/tr><\/tbody><\/table><\/figure><h2 class=\"vk_block-margin-lg--margin-top wp-block-heading\" id=\"vk-htags-ad2ee41d-eed5-4e00-a6b4-20269784d463\">Features<\/h2><figure class=\"wp-block-image aligncenter size-full is-resized\"><img loading=\"lazy\" decoding=\"async\" src=\"https:\/\/micronix-jp.com\/english\/wp-content\/uploads\/sites\/2\/2023\/03\/MY6520-01.png\" alt=\"\" class=\"wp-image-8567\" width=\"395\" height=\"257\" srcset=\"https:\/\/micronix-jp.com\/english\/wp-content\/uploads\/sites\/2\/2023\/03\/MY6520-01.png 395w, https:\/\/micronix-jp.com\/english\/wp-content\/uploads\/sites\/2\/2023\/03\/MY6520-01-300x195.png 300w\" sizes=\"auto, (max-width: 395px) 100vw, 395px\" \/><\/figure><ul class=\"wp-block-list\"><li>Small, lightweight and low price electromagnetic anechoic box specialized for protocol function tests.<\/li>\n\n<li>Internal reflection is reduced due to the characteristics of the pyramid type radio wave absorber.<\/li>\n\n<li>Equipped with low reflection EUT stand and antenna fixing base.<\/li>\n\n<li>With the factory option, can be changed additional RF connectors and Interface specifications.<\/li>\n\n<li>One touch lock mechanism (with key)<\/li>\n\n<li>Customization available<\/li><\/ul><p>*If you have any questions, please feel free to contact us.<\/p><h3 class=\"vk_block-margin-md--margin-top wp-block-heading\" id=\"vk-htags-54fbf08f-d5b7-4d48-bfe7-50444c9078fc\">Calibration example of the EIRP<\/h3><h4 class=\"vk_block-margin-md--margin-top wp-block-heading\" id=\"vk-htags-ad897ea0-cf6a-4dcf-89cc-c7c9c911fcc2\">1. Antennas with known gains measure in the boresight direction.<\/h4><figure class=\"wp-block-flexible-table-block-table\"><table class=\"\"><tbody><tr><td style=\"width:25%\">Pt\uff3bdBm\uff3d<\/td><td>Effective radiated power (ERP)<\/td><\/tr><tr><td style=\"width:25%\">Gt\uff3bdB\uff3d<\/td><td>Antenna gain<\/td><\/tr><tr><td style=\"width:25%\">Pt eirp\uff3bdBmeirp\uff3d<\/td><td>Equivalent isotropically radiated power<br>Pt [dBm] + Gt [dB]<\/td><\/tr><tr><td style=\"width:25%\">Pr\uff3bdBm\uff3d<\/td><td>Received power of RF connector part of Electromagnetic anechoic box through receiving antenna + coaxial cable<\/td><\/tr><\/tbody><\/table><\/figure><h4 class=\"vk_block-margin-md--margin-top wp-block-heading\" id=\"vk-htags-ad897ea0-cf6a-4dcf-89cc-c7c9c911fcc2\">2. Find the degree of antenna coupling.<\/h4><figure class=\"wp-block-flexible-table-block-table\"><table class=\"\"><tbody><tr><td style=\"width:25%\">K\uff3bdB\uff3d<\/td><td>Pt eirp\uff3bdBmeirp\uff3d\uff0dPr\uff3bdBm\uff3d<\/td><\/tr><\/tbody><\/table><\/figure><h4 class=\"vk_block-margin-md--margin-top wp-block-heading\" id=\"vk-htags-ad897ea0-cf6a-4dcf-89cc-c7c9c911fcc2\">3. Can be measured radiation electricity of measured device (EUT) in reception system same as calibration.<\/h4><figure class=\"wp-block-flexible-table-block-table\"><table class=\"\"><tbody><tr><td style=\"width:25%\">P eirp\uff3bdBmeirp\uff3d<\/td><td>Pread\uff3bdBm\uff3d\uff0bK\uff3bdB\uff3d<\/td><\/tr><\/tbody><\/table><\/figure><figure class=\"wp-block-image aligncenter size-full\"><img loading=\"lazy\" decoding=\"async\" width=\"730\" height=\"365\" src=\"https:\/\/micronix-jp.com\/english\/wp-content\/uploads\/sites\/2\/2023\/03\/MY6520-02.png\" alt=\"\" class=\"wp-image-8569\" srcset=\"https:\/\/micronix-jp.com\/english\/wp-content\/uploads\/sites\/2\/2023\/03\/MY6520-02.png 730w, https:\/\/micronix-jp.com\/english\/wp-content\/uploads\/sites\/2\/2023\/03\/MY6520-02-300x150.png 300w, https:\/\/micronix-jp.com\/english\/wp-content\/uploads\/sites\/2\/2023\/03\/MY6520-02-600x300.png 600w\" sizes=\"auto, (max-width: 730px) 100vw, 730px\" \/><\/figure><h2 class=\"vk_block-margin-lg--margin-top wp-block-heading\" id=\"vk-htags-9f0a7958-8db7-4ff7-9875-e54f7cc60c6f\">Option<\/h2><h3 class=\"wp-block-heading\" id=\"vk-htags-fd7a39f3-738b-409b-9bfc-e18ec2eda441\">Antenna<\/h3><div class=\"wp-block-vk-blocks-select-post-list vk_posts vk_posts-postType-post vk_posts-layout-card-noborder vk_postList\"><div id=\"post-6141\" class=\"vk_post vk_post-postType-product card card-noborder vk_post-col-xs-12 vk_post-col-sm-6 vk_post-col-md-3 vk_post-col-lg-3 vk_post-col-xl-3 vk_post-col-xxl-3 post-5886 product type-product status-publish has-post-thumbnail product_cat-shop-category-shield-box product_cat-shop-category-ehf product_tag-tag-electromagnetic-anechoic-box-shield-box first instock shipping-taxable product-type-simple\"><div class=\"vk_post_imgOuter\" style=\"background-image:url(https:\/\/micronix-jp.com\/english\/wp-content\/uploads\/sites\/2\/2023\/03\/MY6500-01_640x640.png)\"><a href=\"https:\/\/micronix-jp.com\/english\/products\/test-accessories\/my6500-01.html\"><img loading=\"lazy\" decoding=\"async\" width=\"300\" height=\"300\" src=\"https:\/\/micronix-jp.com\/english\/wp-content\/uploads\/sites\/2\/2023\/03\/MY6500-01_640x640-300x300.png\" class=\"vk_post_imgOuter_img card-img-top wp-post-image\" alt=\"\" srcset=\"https:\/\/micronix-jp.com\/english\/wp-content\/uploads\/sites\/2\/2023\/03\/MY6500-01_640x640-300x300.png 300w, https:\/\/micronix-jp.com\/english\/wp-content\/uploads\/sites\/2\/2023\/03\/MY6500-01_640x640-150x150.png 150w, https:\/\/micronix-jp.com\/english\/wp-content\/uploads\/sites\/2\/2023\/03\/MY6500-01_640x640-100x100.png 100w, https:\/\/micronix-jp.com\/english\/wp-content\/uploads\/sites\/2\/2023\/03\/MY6500-01_640x640.png 620w\" sizes=\"auto, (max-width: 300px) 100vw, 300px\" \/><\/a><\/div><!-- [ \/.vk_post_imgOuter ] --><div class=\"vk_post_body card-body\"><h5 class=\"vk_post_title card-title\"><a href=\"https:\/\/micronix-jp.com\/english\/products\/test-accessories\/my6500-01.html\">Horn Antenna MY6500-01<\/a><\/h5><p class=\"vk_post_excerpt card-text\">Linear polarization. Frequency range : 26GHz to 40GHz<\/p><\/div><!-- [ \/.card-body ] --><\/div><!-- [ \/.card ] -->\n\n<div id=\"post-6142\" class=\"vk_post vk_post-postType-product card card-noborder vk_post-col-xs-12 vk_post-col-sm-6 vk_post-col-md-3 vk_post-col-lg-3 vk_post-col-xl-3 vk_post-col-xxl-3 post-5886 product type-product status-publish has-post-thumbnail product_cat-shop-category-shield-box product_cat-shop-category-ehf product_tag-tag-electromagnetic-anechoic-box-shield-box  instock shipping-taxable product-type-simple\"><div class=\"vk_post_imgOuter\" style=\"background-image:url(https:\/\/micronix-jp.com\/english\/wp-content\/uploads\/sites\/2\/2023\/03\/MY6500-02E_640x640.png)\"><a href=\"https:\/\/micronix-jp.com\/english\/products\/test-accessories\/my6500-02e.html\"><img loading=\"lazy\" decoding=\"async\" width=\"300\" height=\"300\" src=\"https:\/\/micronix-jp.com\/english\/wp-content\/uploads\/sites\/2\/2023\/03\/MY6500-02E_640x640-300x300.png\" class=\"vk_post_imgOuter_img card-img-top wp-post-image\" alt=\"\" srcset=\"https:\/\/micronix-jp.com\/english\/wp-content\/uploads\/sites\/2\/2023\/03\/MY6500-02E_640x640-300x300.png 300w, https:\/\/micronix-jp.com\/english\/wp-content\/uploads\/sites\/2\/2023\/03\/MY6500-02E_640x640-150x150.png 150w, https:\/\/micronix-jp.com\/english\/wp-content\/uploads\/sites\/2\/2023\/03\/MY6500-02E_640x640-100x100.png 100w, https:\/\/micronix-jp.com\/english\/wp-content\/uploads\/sites\/2\/2023\/03\/MY6500-02E_640x640.png 620w\" sizes=\"auto, (max-width: 300px) 100vw, 300px\" \/><\/a><\/div><!-- [ \/.vk_post_imgOuter ] --><div class=\"vk_post_body card-body\"><h5 class=\"vk_post_title card-title\"><a href=\"https:\/\/micronix-jp.com\/english\/products\/test-accessories\/my6500-02e.html\">Horn Antenna MY6500-02E<\/a><\/h5><p class=\"vk_post_excerpt card-text\">Covers both horizontal and vertical polarization. Frequency range : 5GHz to 50GHz<\/p><\/div><!-- [ \/.card-body ] --><\/div><!-- [ \/.card ] --><\/div><p><\/p><h3 class=\"vk_block-margin-md--margin-top wp-block-heading\" id=\"vk-htags-2276b20d-3418-44af-ba6c-234cab5c4e36\">Adapter<\/h3><ul class=\"wp-block-list\"><li>Adapter\uff082.92mm\u3001P-J\uff09<br>\u30fbModel\uff1aMY6500-A1<\/li>\n\n<li>Adapter\uff082.4mm-2.92mm\u3001P-J\uff09<br>\u30fbModel\uff1aMY6500-A2<\/li><\/ul><h3 class=\"vk_block-margin-md--margin-top wp-block-heading\" id=\"vk-htags-1eecc078-e9af-49c1-8595-85b6f42ce051\">Add RF Connectors(Factory option)<\/h3><ul class=\"wp-block-list\"><li>Connector 2.92mm<br>\u30fbModel\uff1aMY6500-K<\/li>\n\n<li>Connector SMA<br>\u30fbModel\uff1aMY6500-SMA<\/li><\/ul><h3 class=\"vk_block-margin-md--margin-top wp-block-heading\" id=\"vk-htags-b74618a5-b5bd-481d-b4de-064f46a0dc59\">Coaxial Cable(Shield box to Antenna)<\/h3><ul class=\"wp-block-list\"><li>Length \uff1a61cm\uff082.92mm, P-P\uff09<\/li>\n\n<li>Model\uff1aMY6500-C061<\/li><\/ul><h2 class=\"vk_block-margin-lg--margin-top wp-block-heading\" id=\"vk-htags-bc5ef769-367c-4923-b164-e6c8f346402f\">Library<\/h2><h3 class=\"vk_block-margin-md--margin-top wp-block-heading\" id=\"vk-htags-0bf38e9a-f22f-4281-9df7-8c5b770341cd\">Products Catalog<\/h3><div class=\"wp-block-vk-blocks-grid-column vk_gridColumn\"><div class=\"row\"><div class=\"wp-block-vk-blocks-grid-column-item vk_gridColumn_item col-12 col-sm-6 col-md-3 col-lg-3 col-xl-3 col-xxl-3\"><figure class=\"wp-block-image aligncenter size-full is-style-vk-image-border\"><a href=\"\/eng\/file-download\/catalog\/MY6520_eng.pdf\" target=\"_blank\" rel=\"noreferrer noopener\"><img loading=\"lazy\" decoding=\"async\" width=\"212\" height=\"300\" src=\"https:\/\/micronix-jp.com\/english\/wp-content\/uploads\/sites\/2\/2024\/04\/MY6520_eng-pdf_212x300.jpg\" alt=\"\" class=\"wp-image-9971\"\/><\/a><figcaption class=\"wp-element-caption\">MY6520<\/figcaption><\/figure><\/div>\n\n<div class=\"wp-block-vk-blocks-grid-column-item vk_gridColumn_item col-12 col-sm-6 col-md-3 col-lg-3 col-xl-3 col-xxl-3\"><figure class=\"wp-block-image aligncenter size-full is-style-vk-image-border\"><a href=\"\/eng\/file-download\/catalog\/DIGEST_eng.pdf\" target=\"_blank\" rel=\"noreferrer noopener\"><img loading=\"lazy\" decoding=\"async\" width=\"212\" height=\"300\" src=\"https:\/\/micronix-jp.com\/english\/wp-content\/uploads\/sites\/2\/2024\/03\/DIGEST_eng-pdf_212x300.jpg\" alt=\"\" class=\"wp-image-9856\"\/><\/a><figcaption class=\"wp-element-caption\">MICRONIX Products DIGEST catalog<\/figcaption><\/figure><\/div>\n\n<div class=\"wp-block-vk-blocks-grid-column-item vk_gridColumn_item col-12 col-sm-6 col-md-3 col-lg-3 col-xl-3 col-xxl-3\"><figure class=\"wp-block-image aligncenter size-full is-style-vk-image-border\"><a href=\"\/eng\/file-download\/catalog\/shield-box-catalog_eng.pdf\" target=\"_blank\" rel=\"noreferrer noopener\"><img loading=\"lazy\" decoding=\"async\" width=\"212\" height=\"300\" src=\"https:\/\/micronix-jp.com\/english\/wp-content\/uploads\/sites\/2\/2024\/04\/shield-box-catalog_eng-pdf_212x300.jpg\" alt=\"\" class=\"wp-image-9880\"\/><\/a><figcaption class=\"wp-element-caption\">Electromagnetic anechoic box and Shield box General catalog<\/figcaption><\/figure><\/div><\/div><\/div><div class=\"wp-block-group is-layout-constrained wp-block-group-is-layout-constrained\"><div class=\"wp-block-columns is-layout-flex wp-container-core-columns-is-layout-28f84493 wp-block-columns-is-layout-flex\"><div class=\"wp-block-column is-layout-flow wp-block-column-is-layout-flow\" style=\"flex-basis:100%\"><div class=\"wp-block-vk-blocks-balloon vk_balloon vk_balloon-position-left vk_balloon-type-speech vk_balloon-animation-none\"><div class=\"vk_balloon_icon\"><figure><img decoding=\"async\" class=\"vk_balloon_icon_image vk_balloon_icon_image-type-normal \" src=\"https:\/\/micronix-jp.com\/english\/wp-content\/uploads\/sites\/2\/2023\/03\/select_shield-box_all_eng_294x283.jpg\" alt=\"\"\/><figcaption class=\"vk_balloon_icon_name\"><\/figcaption><\/figure><\/div><div class=\"vk_balloon_content_outer\"><div class=\"vk_balloon_content   vk_balloon_content_fullwidth\"><span class=\"vk_balloon_content_before \"><\/span><span class=\"vk_balloon_content_after \"><\/span><h2 class=\"is-style-vk-heading-double_bottomborder_black wp-block-heading\">Selection Guide<\/h2>\n\n<p style=\"padding-top:0;padding-bottom:var(--wp--preset--spacing--50)\">At MICRONIX, we have prepared many electromagnetic interference (EMI) shielding boxes. If you are having trouble choosing a product, please take a look at our product comparison table.<\/p>\n\n<div class=\"wp-block-vk-blocks-button vk_button vk_button-color-custom vk_button-align-block\"><a href=\"https:\/\/micronix-jp.com\/english\/products\/shield-box\/select_shield-box_all_eng.html\" class=\"vk_button_link btn has-background has-vk-color-primary-background-color btn-md btn-block\" role=\"button\" aria-pressed=\"true\" target=\"_blank\" rel=\"noopener\"><div class=\"vk_button_link_caption\"><span class=\"vk_button_link_txt\">Product Comparison Table<\/span><\/div><\/a><\/div><\/div><\/div><\/div><\/div><\/div><\/div><div class=\"wp-block-cover is-light vk_block-margin-xl--margin-top\"><span aria-hidden=\"true\" class=\"wp-block-cover__background has-white-background-color has-background-dim\"><\/span><img class=\"wp-block-cover__image-background wp-image-8105\" alt=\"\" src=\"https:\/\/micronix-jp.com\/wp-content\/uploads\/2022\/11\/contact_cta_cover.png\" data-object-fit=\"cover\"\/><div class=\"wp-block-cover__inner-container is-layout-flow wp-block-cover-is-layout-flow\"><p class=\"has-text-align-center has-huge-font-size\"><strong>Please feel free to contact us.<\/strong><\/p>\n\n<p>If you want to verify 5G, customize a radio wave shield box, or need product repair, please do not hesitate to contact us about any small matter.<\/p>\n\n<div class=\"wp-block-vk-blocks-grid-column vk_gridColumn\"><div class=\"row\"><div class=\"wp-block-vk-blocks-grid-column-item vk_gridColumn_item col-12 col-sm-12 col-md-12 col-lg-12 col-xl-12 col-xxl-12\"><div class=\"wp-block-vk-blocks-button vk_button vk_button-color-custom vk_button-align-block is-style-shine\"><a href=\"https:\/\/micronix-jp.com\/english\/contact\/\" class=\"vk_button_link btn has-background has-luminous-vivid-orange-background-color btn-lg btn-block\" role=\"button\" aria-pressed=\"true\" target=\"_blank\" rel=\"noopener\"><div class=\"vk_button_link_caption\"><i class=\"far fa-envelope vk_button_link_before\" aria-hidden=\"true\"><\/i><span class=\"vk_button_link_txt\"><strong>Contact Form<\/strong><\/span><\/div><\/a><\/div><\/div><\/div><\/div><\/div><\/div>","protected":false},"excerpt":{"rendered":"<p>Suitable for simple OTA examinations (protocol function, throughput) such as 5G NR Mobile Device, chip set.<\/p>\n","protected":false},"featured_media":5972,"template":"","meta":{"vkexunit_cta_each_option":""},"product_cat":[94,105],"product_tag":[96],"class_list":{"0":"post-5886","1":"product","2":"type-product","3":"status-publish","4":"has-post-thumbnail","6":"product_cat-shop-category-shield-box","7":"product_cat-shop-category-ehf","8":"product_tag-tag-electromagnetic-anechoic-box-shield-box","10":"","11":"instock","12":"shipping-taxable","13":"product-type-simple"},"_links":{"self":[{"href":"https:\/\/micronix-jp.com\/english\/wp-json\/wp\/v2\/product\/5886","targetHints":{"allow":["GET"]}}],"collection":[{"href":"https:\/\/micronix-jp.com\/english\/wp-json\/wp\/v2\/product"}],"about":[{"href":"https:\/\/micronix-jp.com\/english\/wp-json\/wp\/v2\/types\/product"}],"wp:featuredmedia":[{"embeddable":true,"href":"https:\/\/micronix-jp.com\/english\/wp-json\/wp\/v2\/media\/5972"}],"wp:attachment":[{"href":"https:\/\/micronix-jp.com\/english\/wp-json\/wp\/v2\/media?parent=5886"}],"wp:term":[{"taxonomy":"product_cat","embeddable":true,"href":"https:\/\/micronix-jp.com\/english\/wp-json\/wp\/v2\/product_cat?post=5886"},{"taxonomy":"product_tag","embeddable":true,"href":"https:\/\/micronix-jp.com\/english\/wp-json\/wp\/v2\/product_tag?post=5886"}],"curies":[{"name":"wp","href":"https:\/\/api.w.org\/{rel}","templated":true}]}}